t common divisor of g and 24?
12
Let v be 1/(-1) + (11 + 1)/2. Suppose -v*r = -5*j + 61 + 14, -29 = -3*j - 5*r. What is the greatest common divisor of j and 143?
13
Let x(a) = a**2 - 10*a + 6. Let z be x(10). Suppose -392 = -z*p + 532. Calculate the greatest common divisor of 14 and p.
14
Let p = -416 + 432. Calculate the greatest common divisor of p and 16.
16
Let t = -19 + 51. Suppose 3*g - 262 = t. Suppose -5*o + i = -0*i - 75, 4*o = 5*i + 81. Calculate the greatest common divisor of o and g.
14
Suppose -14 = -2*h + 4*s, -5*s + 2*s = 2*h. Suppose -2*n = h*n. Suppose 6 = 2*b - n*b. Calculate the highest common factor of b and 3.
3
Suppose 0 = 8*o - 1366 + 438. Calculate the greatest common divisor of o and 29.
29
Suppose 316 = 2*f - 2*u, 5*f + 2*u - 142 = 676. Suppose 0 = 9*n + 4*n - 1391. Let h = f - n. Calculate the highest common divisor of 22 and h.
11
Let y(k) = -93*k + 651. Let j be y(5). Calculate the highest common factor of 837 and j.
93
Let a = -176 - -256. Let z = 33 - 28. Suppose -5*y + 154 = -2*s - 14, z*y + 5*s - 140 = 0. What is the greatest common factor of y and a?
16
Let w(f) = -12*f**3 - f**2 + f + 1. Let s be w(-1). Suppose c + 22 = 3*c. What is the greatest common divisor of s and c?
11
Let w(f) = f**3 + 17*f**2 + 37*f - 53. Let i be w(-14). What is the greatest common divisor of i and 1241?
17
Let k(a) = 25*a**2 + 6*a - 42. Let x be k(8). Calculate the greatest common factor of x and 22.
22
Let l be 4/((-6)/15*-1). Let b be (6/(-4))/(l/20) + 15. What is the highest common factor of b and 84?
12
Let m = -45 - -57. Suppose 4*q - 5*q = -4. Suppose 4*d + 8 = -j, -3 - 22 = -q*j + 3*d. Calculate the greatest common factor of m and j.
4
Let o be 286/(-2)*3/(-9)*3. What is the highest common divisor of 22 and o?
11
Let r(j) = -j**2 - 14*j - 20. Let h(w) = -w**2 - 2*w - 5. Let t be h(-3). Let y be r(t). What is the highest common factor of y and 56?
28
Suppose u + 4*u - 3*z - 267 = 0, -4*u = -5*z - 211. Calculate the highest common factor of 2 and u.
2
Let q(l) = -8*l**3 + 4*l**2 - 3*l. Let z(p) = -7*p**3 + 3*p**2 - 2*p. Let o(d) = 2*q(d) - 3*z(d). Let s be o(1). What is the greatest common divisor of s and 1?
1
Suppose 0 = 5*m - i - 40, 0 = 3*m + m - 5*i - 32. Suppose 0 = 10*j - m*j - 34. Suppose -3*b + j = -31. Calculate the highest common divisor of b and 24.
8
Let o(a) = 3*a**2 + 2*a + 1. Let t be o(-2). Suppose -460 = t*k - 14*k. What is the highest common factor of k and 23?
23
Suppose -h - 54 - 337 = 0. Let v = 672 + h. Suppose -b + 0 + 3 = 0, v = 5*k + 2*b. What is the highest common factor of k and 5?
5
Let x be (-27 - -18) + 4 + 52. Suppose -3*w + 1395 = 408. Calculate the greatest common divisor of x and w.
47
Let o = -102 + 166. Calculate the greatest common factor of 80 and o.
16
Let t = 120 - 95. Let k be (5/(-10))/((-1)/8). Suppose k*a = -182 + 682. What is the greatest common divisor of a and t?
25
Let g be (34/10 - 3)*6*25. Let f be 20/g - 64/(-6). Calculate the highest common divisor of f and 253.
11
Suppose 0 = -0*r + 5*r - 2*k - 114, -4*k = 8. Let s be (-9)/(-54) - 394/(-12). Calculate the highest common factor of s and r.
11
Let y(t) be the first derivative of 19*t**3/3 + 3*t**2/2 - 7*t + 53. Let v be y(-3). What is the greatest common divisor of v and 62?
31
Let c be 2/(((-2)/1)/(-8)). Suppose -v - 2*g + 0*g + 12 = 0, -5*v + 5*g = -30. Calculate the highest common divisor of c and v.
8
Suppose 3*y = 0, 2*y + 4 = 2*k + 6*y. Suppose 200 = -k*d + 7*d. Suppose 0 = -5*f + 21 - 1. What is the greatest common divisor of f and d?
4
Suppose 0 = k - 6*k + 50. Let v = 25 - k. Let f = 889 - 784. What is the greatest common divisor of f and v?
15
Let c(k) = -k + 21. Let q be c(-7). Calculate the highest common factor of 532 and q.
28
Let w(g) = 4*g**3 + 112*g**2 - 19*g - 26. Let q be w(-28). Calculate the highest common divisor of 46 and q.
46
Suppose 2*u + 2*u - 12 = -2*a, 0 = 3*a + 5*u - 18. Let k(c) = 17*c - 27. Let m be k(3). What is the greatest common divisor of m and a?
6
Suppose 28*d - 29*d - 45 = 0. Let p = d - -59. What is the highest common factor of 154 and p?
14
Let j = -227 - -416. Calculate the highest common factor of j and 81.
27
Let s(n) = -15*n - 72. Let m be s(-6). What is the highest common divisor of m and 4?
2
Let t be 12/1 - (-33 + 41). What is the greatest common factor of t and 100?
4
Suppose -32*l = -30*l. Suppose l = -3*d + 5*c - 35, -2*c - 4 = 5*d + 13. Let w be 1155/25 + 1/d. What is the greatest common divisor of 115 and w?
23
Let f be ((-12)/(-16))/(3 + (-50)/16). Let p be ((-4)/(-26) - (-942)/(-39))*f. Calculate the highest common divisor of 18 and p.
18
Let y(b) = 10*b**2 + 45*b + 275. Let c be y(-6). Calculate the highest common factor of c and 219.
73
Let x = -1018 + 1170. Calculate the highest common divisor of x and 209.
19
Let g = 1720 - 1555. Let v = 29 - 14. What is the greatest common divisor of v and g?
15
Suppose 4*x - 71 = 5*x. Let j = x + 83. What is the greatest common divisor of 108 and j?
12
Let c(n) = 23*n - 3. Let u be c(-4). Suppose -4*v + 28*f - 700 = 24*f, 2*v - f + 350 = 0. Let o = u - v. Calculate the highest common factor of o and 16.
16
Let g(r) = r**2 + 14*r + 54. Let b be g(-10). What is the highest common divisor of b and 28?
14
Let j(v) = v**3 - 25*v + 18. Let s be j(0). Let c be 34/(-2 + (-84)/(-39)). Let o = -77 + c. What is the greatest common factor of o and s?
18
Let d be (5/10)/(1/(-8)). Suppose 4*j + 16 = 0, 4*v + 0*j = 3*j + 84. Let w be d/v + (-3464)/(-36). Calculate the highest common divisor of w and 12.
12
Let l(p) be the first derivative of -p**4/2 - 2*p**3/3 + p**2 + 4*p - 24. Let n be l(-2). What is the highest common factor of n and 72?
8
Let x = 38 + -30. Let g = -216 - -228. What is the highest common divisor of g and x?
4
Let h be 140*((-6)/4 + 76/40). Let y = 106 - h. What is the highest common factor of y and 10?
10
Let s = 823 + -526. Calculate the highest common factor of 135 and s.
27
Let i(l) = l**3 + 19*l**2 - 4*l + 25. Let p be i(-12). What is the highest common divisor of p and 23?
23
Let n be 6*(0 - 794/6). Let c be (-8)/44 + n/(-11). Calculate the highest common factor of 18 and c.
18
Let j be 607/7 + (-60)/(-14) + -4. Let d = j + -3. What is the highest common divisor of 12 and d?
12
Let j = 413 - 359. Calculate the highest common divisor of 405 and j.
27
Suppose 0 = 478*j - 474*j - 136. What is the highest common divisor of j and 323?
17
Suppose 0 = -7*x - 1130 + 1256. Calculate the greatest common divisor of x and 558.
18
Suppose -w = 3*m - 28, -4*m - w + 20 = -19. What is the greatest common divisor of 176 and m?
11
Let v be 1 + (11 - (-2 + 0)). Suppose -2*b = -2*q - 74, 2*b - 74 = 4*q - q. Suppose 0 = 4*j + b - 261. What is the greatest common factor of j and v?
14
Let f be 59 + 5 + (1 - 2). What is the highest common divisor of f and 105?
21
Let v be 322/21 - 2/6. Suppose 0 = 11*g - 14 - 19. What is the highest common factor of g and v?
3
Let q = -8 + 11. Suppose 5*w + 5*o - o - 12 = 0, -4*w + o = q. Suppose -2*m + w*m = 4*u - 28, -14 = m - 5*u. What is the highest common factor of m and 4?
2
Let m(a) = a**3 - 5*a**2 + 4*a - 4. Let y be m(5). Suppose -3*z + y = -17. What is the greatest common divisor of 44 and z?
11
Let m(g) = -g**3 + g**2 + g + 71. Let u be m(0). Suppose -u*o + 67*o = -48. What is the greatest common divisor of o and 1?
1
Suppose 4*n - 3*n = 5. Let k(f) = 2*f**2 + 12*f + 25. Let w be k(-11). Suppose t + w = 10*t. What is the highest common factor of t and n?
5
Let x = 0 + 0. Suppose 2*b - 24 = -0*y - 4*y, 5*y + 2*b - 30 = x. Suppose 5*r - 6192 = -124*r. What is the highest common factor of y and r?
6
Suppose -7*c + 4*c + 39 = 0. Let w = 1178 - 1074. What is the greatest common factor of c and w?
13
Let r be (-20)/35 - (-477)/504 - 154/(-16). Let b(v) = 0*v - 2*v - 2*v**3 + v**3 - 2. Let u be b(-2). What is the greatest common divisor of r and u?
10
Suppose -2*g = -8*g + 504. Suppose 3*w - 312 = -5*o, -2*w + w = -5*o - g. What is the highest common divisor of w and 11?
11
Let n be (-50)/(-2) - (1 - -1). Let g = -117 - -117. Let l be 1238/6 - (8/(-12) + g). Calculate the greatest common divisor of l and n.
23
Let u(p) = -p**3 + 12*p**2 - 18*p - 2. Let k be u(8). Calculate the greatest common factor of 